 r - 14. What is the hundreds digit of 2/17*r + 155974/442?
3
What is the hundreds digit of (-36799)/(-7) + (8 - 9)*5?
2
Let l = 649 + -645. What is the units digit of (-19789)/(-66) + l/24?
0
Let p = 18650 + -12108. What is the thousands digit of p?
6
Let z(b) = b**3 - 38*b**2 + 3*b - 965. What is the units digit of z(44)?
3
Let t(h) = 6*h + 3*h**2 + 11*h - 2*h + 38*h**3 - 55*h**3 - 2. What is the units digit of t(-3)?
9
What is the hundreds digit of (1699/5)/((15/10)/((-210)/(-28)))?
6
Suppose -13*u - 7*k + 179701 = -10*u, 2*k + 179719 = 3*u. What is the hundreds digit of u?
9
Let s(k) = -28*k - 34. Let y be s(7). What is the tens digit of 8 + y/30 - 2200/(-6)?
6
Let q be -1*2*(-1)/4*6. Suppose -4*a + q*n + 214 = -0*a, -a + 48 = 2*n. What is the units digit of a?
2
Let v(g) = 79*g**3 - 7*g**2 - 70*g + 350. What is the hundreds digit of v(5)?
7
Suppose -19*h + 33*h - 26754 = 0. What is the hundreds digit of h?
9
Let u be ((-7)/4)/((-2)/8)*-3. What is the hundreds digit of 1245/2 - u/42?
6
Suppose 13*t = -10*t. Suppose -218*n + 224*n - 4848 = t. What is the tens digit of n?
0
Let j(c) = 13*c - 4. Let i be j(0). Let b = 683 - i. What is the hundreds digit of b?
6
Let q(b) = -b**3 - 16*b**2 + 21*b + 34. Let g be q(-17). Let x = g + 37. Suppose 0 = v + 2*f + x*f - 36, -3*f + 60 = 3*v. What is the tens digit of v?
1
Suppose 13*l - 1548 = 79949. What is the thousands digit of l?
6
Suppose 4 = -d, -191*z = -187*z - 5*d - 288024. What is the units digit of z?
1
Suppose -3*o + 14 = -340. Suppose 5*t = -4*u + o, -3*u + 0*u + 43 = 2*t. What is the units digit of -1 + (6 + 14)/(4/t)?
9
Let m(p) = -p**3 - 4*p - 25. Let o be m(-5). Let b = o + 66. What is the tens digit of b?
8
Suppose -201*u + 26*u + 334075 = 0. What is the hundreds digit of u?
9
Suppose -g - 168 = -5*g. Let o(b) = b**3 - 2*b**2 + 5. Let w be o(0). Let j = g + w. What is the units digit of j?
7
Let l(r) = -544*r - 4. Let y be l(1). What is the units digit of (-3)/6*(y - -6)?
1
Suppose 14*r - 8*r = 30. Suppose -r*v + 3*p - 340 = -2*p, p - 320 = 5*v. Let h = v - -153. What is the tens digit of h?
9
Suppose -27 = -7*x + 6*x. Suppose -21*q = -x*q + 4758. What is the tens digit of q?
9
Let v = 39 + -36. Suppose 11 = m - v. Suppose 1254 = m*u - 3*u. What is the units digit of u?
4
Suppose -5*a - 4*a = -35*a + 672282. What is the thousands digit of a?
5
What is the units digit of 3/8 - (701570/(-80) + 3)?
7
Let p be (4*2/(-10))/(6/15). Let f be (2*(-4 + -97))/p. Suppose 3*l = f + 73. What is the tens digit of l?
5
Let s be 3/15 - (-4455)/(-25). Let z = 192 - s. What is the hundreds digit of z?
3
Let l(z) = z**2 - 4*z - 3. Let p be l(5). Suppose g + 3*h = -2*h + 316, 3*h = p*g - 684. What is the tens digit of g?
3
Suppose 0 = -14*v - 255 - 711. Let k = v - -372. What is the units digit of k?
3
Suppose 0 = -30*i + 12*i + 72. What is the units digit of ((-10)/i + 4)*94?
1
What is the hundreds digit of (-2 - -7)*400764/130?
4
Suppose -36692 = -t - 3*u, -4*t = 3*u - 125193 - 21602. What is the tens digit of t?
0
What is the ten thousands digit of (-56)/7 - (-15818 - (10 + -4))?
1
Suppose 3580877 = 94*a + 1755137 - 1897506. What is the hundreds digit of a?
6
Suppose 5*q - 303573 = -4*f, -73*q - 151683 = -2*f - 64*q. What is the units digit of f?
2
Let z = 45320 - 30150. What is the thousands digit of z?
5
Suppose -4*y = -20, 5*l - 2*y = 3*y + 65. Let v = l + -17. Suppose -2*m + 0*f - v = -5*f, -2*f = -6. What is the units digit of m?
7
Let b = -130 + 135. Suppose 2*x = -b*x + 2709. Let v = 575 - x. What is the hundreds digit of v?
1
Let t(b) = 2*b - 31. Let z be t(17). Let x(p) = 6*p**2 - 16*p + 52. What is the units digit of x(z)?
8
Let z = 44911 + -12459. What is the tens digit of z?
5
Let q = 3517 + -2683. What is the hundreds digit of q?
8
Let o(p) = -426*p + 259. Let v be o(-8). Let b = v - 2362. What is the tens digit of b?
0
Let o = -1410 - -1852. What is the tens digit of o?
4
Suppose 5*j = 2*j - 2*y + 611, 3*j - 623 = -5*y. Suppose 0 = 4*x - 207 - j. Suppose 0 = -5*c + u + x, -3*u + u - 4 = 0. What is the tens digit of c?
2
Let x(t) = 17*t**3 + 5*t + 9. Let c be x(4). Let l = c - 533. What is the tens digit of l?
8
Suppose -5*m + j = -325931, -77143 = -6*m + 5*j + 313959. What is the units digit of m?
7
Suppose p = 9*p + 208. What is the hundreds digit of (-8524)/p + (-24)/(-156)?
3
Let b be 11/(-3)*(-27)/1. Let j be 34*(3 - 1) + 3. Let i = b - j. What is the tens digit of i?
2
Suppose -49*m - 56*m + 591282 = -1189203. What is the thousands digit of m?
6
Suppose 55*x - 1116391 + 257035 - 870889 = 0. What is the hundreds digit of x?
4
Let j = -135 + 141. What is the hundreds digit of (-164)/(-246) + 5294/j?
8
Suppose 5*x + 2414 = 2*n - 1517, -2*n + 3*x + 3933 = 0. What is the units digit of n?
8
Suppose -35*d + 208 = -43*d. What is the tens digit of (-44*(-28)/(-16))/(2/d)?
0
What is the units digit of 20/(-8)*(-9 - (-31268)/(-20))?
1
Suppose 192*u = 200*u - 96048. What is the units digit of u?
6
What is the tens digit of 90/42 + 2789520/56?
1
Let m = -8311 - -12402. Suppose 0 = 5*d - 13*t + 8*t - 6825, 5*t = 3*d - m. What is the thousands digit of d?
1
Let z = -17947 + 27146. What is the thousands digit of z?
9
Suppose 4*d + 0*m = -m - 4293, 5*d + 5375 = -3*m. Let y = -517 - d. What is the units digit of y?
5
Let q be -3 + (-5 + -88)/(0 + -3). Suppose -33*m + 1610 = -q*m. What is the units digit of m?
2
What is the ten thousands digit of (-1605874170)/(-20470) + (-3)/23?
7
Let r = -14 - 6. Let l = 23 + r. Suppose -l*o + a + 392 = 0, 4*o + 3*a - 97 = 443. What is the units digit of o?
2
Suppose -5*r + 3*b + 4169 = 0, -2*b = 3 - 7. Suppose -746 = -5*d + x + 615, 3*d + 4*x = r. What is the units digit of d?
3
Let d = 30 + -29. Let r be (5/(-5) - 10)*d. Let k = r - -171. What is the units digit of k?
0
Suppose -159823 = -5*w + 4*c, -w = 9*c - 7*c - 31959. What is the thousands digit of w?
1
What is the thousands digit of 8870/4 - (38/20 - (-9)/15)?
2
Let r(j) = 16*j**2 - 7*j. Let m be r(-3). Suppose 0 = 3*z + 2*h - 335, -3*z - m = -4*h - 512. Suppose 2*b - z = 3. What is the units digit of b?
8
Let u(v) be the second derivative of -v**4/6 + 44*v**3/3 + 121*v**2/2 + 145*v. What is the tens digit of u(43)?
0
Let b(w) = w**3 - 8*w**2 - 6*w + 6. Let x be b(6). Let a = 19 - x. What is the units digit of a?
1
Let s = 792 + -214. Let u = -154 - -284. Suppose s = 7*f + u. What is the units digit of f?
4
Let n be 44/(-44) + (0 - (-1 + -2808)). What is the tens digit of 8 + (-7)/((-28)/n)?
1
Let x(z) be the first derivative of -17*z**4/2 - z**3/3 + 15*z**2/2 + 24*z + 58. What is the units digit of x(-3)?
8
Let f(w) = 5*w**3 - 3*w**2 - 17*w - 16. Let h(s) = 4*s**3 - 2*s**2 - 18*s - 15. Let y(t) = 3*f(t) - 4*h(t). What is the tens digit of y(-7)?
5
Suppose -d - 13 + 7 = 0. What is the tens digit of (-3)/(15/(-1675)) - d?
4
Suppose 8 + 6 = 7*k. Suppose 4*m = -5*z + 379, k*z + 30 = -5*m + 508. Let d = -55 + m. What is the units digit of d?
1
Suppose 3*w = -4*q + 454, -62*w + 63*w = -2*q + 156. What is the hundreds digit of w?
1
Suppose 3*h = -0*n + 2*n - 13, h + 11 = 4*n. What is the units digit of (n - 1573/(-7)) + (-8)/(-28)?
7
Let x(k) = 281*k - 47. Suppose -3*u = -3*v + u - 8, -5*u = -v - 21. What is the hundreds digit of x(v)?
0
Let c = -1644 - -2963. What is the units digit of c?
9
Suppose 2*r - f = 3, -2*r - 5 = -3*f + 2. Suppose 2*v + 61 = 447. What is the units digit of 2/(-4)*r*v/(-2)?
3
Suppose 5*u - 1225 = -5*a, -221 - 22 = -a - 3*u. What is the hundreds digit of a - -1 - 1 - (0 + -2)?
2
Suppose -5*r + r = -8. Let w be 3 - (-97)/r*2. Suppose 0 = -g - k + 24 + 10, 4*g - w = 5*k. What is the units digit of g?
0
Suppose 42725 = 20*m - 975. Suppose 3*u = -4*v + m, 3*v + 4*u = 7*u + 1644. What is the tens digit of v?
4
Suppose -c + 33024 = n, 0 = n + n - 5*c - 66104. What is the ten thousands digit of n?
3
Let x be (-12)/(-6) + (0 - 6) + 190. Suppose 71*v = 74*v - x. Suppose v + 58 = d. What is the units digit of d?
0
Suppose -196*n = -1169188 - 2383704. What is the hundreds digit of n?
1
Let w(k) = -27327*k**3 - 4*k + 3. Let l be w(1). What is the tens digit of 2 + 12/(-5) + l/(-70)?
9
Suppose -3*k - 1238343 = -82*k + 10*k. What is the tens digit of k?
4
Let c(x) = x**2 - 17*x + 15. Let l be c(14)